{"id":216,"date":"2015-02-22T13:28:39","date_gmt":"2015-02-22T12:28:39","guid":{"rendered":"http:\/\/www.posaunenchor-meerbeck.de\/?page_id=216"},"modified":"2025-05-08T21:58:30","modified_gmt":"2025-05-08T19:58:30","slug":"ueber-uns","status":"publish","type":"page","link":"https:\/\/www.posaunenchor-meerbeck.de\/index.php\/ueber-uns\/","title":{"rendered":"\u00dcber Uns"},"content":{"rendered":"<p style=\"text-align: left;\" align=\"RIGHT\"><strong>\u201e<\/strong><span style=\"font-family: Arial,sans-serif;\"><strong><span style=\"font-size: small;\">Wo zwei oder drei in meinem Namen zusammen sind, da bin ich mitten unter ihnen!\u201c<br \/>\n-Jesus Christus-<br \/>\n<\/span><\/strong> <\/span><\/p>\n<p><span style=\"font-family: Arial,sans-serif;\">Wo bin ich richtig? Wo f\u00fchle ich mich so wohl, dass ich gar nicht mehr weg will? Gemeint ist nicht der Urlaub, der doch immer viel zu schnell vergeht, sondern das normale Leben. Jeder braucht so einen Ort \u2013 wo er ein St\u00fcck zuhause ist und angekommen ist. Dein Posaunenchor h\u00e4lt einen Platz f\u00fcr dich frei und freut sich \u00fcber deine Unterst\u00fctzung! Komm doch mal vorbei:<\/span><\/p>\n<p>Wir proben <strong>jeden Donnerstag<\/strong> von <strong>19:30h bis 21:30h<\/strong> im Gemeindesaal der Kirchengemeinde Meerbeck \u2013 <strong>wir freuen uns auf dich!<\/strong><\/p>\n<p><span style=\"font-family: Arial,sans-serif;\">Der Posaunenchor Meerbeck wurde 1910 von Pastor Teudt gegr\u00fcndet.<\/span><span style=\"font-family: Arial,sans-serif;\"><br \/>\n<\/span><\/p>\n<p>&nbsp;<\/p>\n","protected":false},"excerpt":{"rendered":"<p>\u201eWo zwei oder drei in meinem Namen zusammen sind, da bin ich mitten unter ihnen!\u201c -Jesus Christus- Wo bin ich richtig? Wo f\u00fchle ich mich so wohl, dass ich gar nicht mehr weg will? Gemeint ist nicht der Urlaub, der <a class=\"more-link\" href=\"https:\/\/www.posaunenchor-meerbeck.de\/index.php\/ueber-uns\/\"><span class=\"screen-reader-text\">  \u00dcber Uns<\/span> weiterlesen<span class=\"meta-nav\">&rarr;<\/span><\/a><\/p>\n","protected":false},"author":1,"featured_media":0,"parent":0,"menu_order":0,"comment_status":"closed","ping_status":"closed","template":"","meta":{"ngg_post_thumbnail":0,"iawp_total_views":66,"footnotes":""},"class_list":["post-216","page","type-page","status-publish","hentry"],"_links":{"self":[{"href":"https:\/\/www.posaunenchor-meerbeck.de\/index.php\/wp-json\/wp\/v2\/pages\/216","targetHints":{"allow":["GET"]}}],"collection":[{"href":"https:\/\/www.posaunenchor-meerbeck.de\/index.php\/wp-json\/wp\/v2\/pages"}],"about":[{"href":"https:\/\/www.posaunenchor-meerbeck.de\/index.php\/wp-json\/wp\/v2\/types\/page"}],"author":[{"embeddable":true,"href":"https:\/\/www.posaunenchor-meerbeck.de\/index.php\/wp-json\/wp\/v2\/users\/1"}],"replies":[{"embeddable":true,"href":"https:\/\/www.posaunenchor-meerbeck.de\/index.php\/wp-json\/wp\/v2\/comments?post=216"}],"version-history":[{"count":3,"href":"https:\/\/www.posaunenchor-meerbeck.de\/index.php\/wp-json\/wp\/v2\/pages\/216\/revisions"}],"predecessor-version":[{"id":67659,"href":"https:\/\/www.posaunenchor-meerbeck.de\/index.php\/wp-json\/wp\/v2\/pages\/216\/revisions\/67659"}],"wp:attachment":[{"href":"https:\/\/www.posaunenchor-meerbeck.de\/index.php\/wp-json\/wp\/v2\/media?parent=216"}],"curies":[{"name":"wp","href":"https:\/\/api.w.org\/{rel}","templated":true}]}}

Über Uns

<p style="text-align: left;" align="RIGHT"><strong>„</strong><span style="font-family: Arial,sans-serif;"><strong><span style="font-size: small;">Wo zwei oder drei in meinem Namen zusammen sind, da bin ich mitten unter ihnen!“<br />
-Jesus Christus-<br />
</span></strong> </span></p>
<p><span style="font-family: Arial,sans-serif;">Wo bin ich richtig? Wo fühle ich mich so wohl, dass ich gar nicht mehr weg will? Gemeint ist nicht der Urlaub, der doch immer viel zu schnell vergeht, sondern das normale Leben. Jeder braucht so einen Ort – wo er ein Stück zuhause ist und angekommen ist. Dein Posaunenchor hält einen Platz für dich frei und freut sich über deine Unterstützung! Komm doch mal vorbei:</span></p>
<p>Wir proben <strong>jeden Donnerstag</strong> von <strong>19:30h bis 21:30h</strong> im Gemeindesaal der Kirchengemeinde Meerbeck – <strong>wir freuen uns auf dich!</strong></p>
<p><span style="font-family: Arial,sans-serif;">Der Posaunenchor Meerbeck wurde 1910 von Pastor Teudt gegründet.</span><span style="font-family: Arial,sans-serif;"><br />
</span></p>
<p>&nbsp;</p>

<p>„Wo zwei oder drei in meinem Namen zusammen sind, da bin ich mitten unter ihnen!“ -Jesus Christus- Wo bin ich richtig? Wo fühle ich mich so wohl, dass ich gar nicht mehr weg will? Gemeint ist nicht der Urlaub, der <a class="more-link" href="https://www.posaunenchor-meerbeck.de/index.php/ueber-uns/"><span class="screen-reader-text">  Über Uns</span> weiterlesen<span class="meta-nav">&rarr;</span></a></p>
