{"id":306,"date":"2013-02-08T14:41:50","date_gmt":"2013-02-08T13:41:50","guid":{"rendered":"http:\/\/wp1.1337krew.de\/?page_id=10"},"modified":"2013-02-08T14:41:50","modified_gmt":"2013-02-08T13:41:50","slug":"musikalisches","status":"publish","type":"page","link":"https:\/\/www.posaunenchor-meerbeck.de\/index.php\/musikalisches\/","title":{"rendered":"Musikalisches"},"content":{"rendered":"<div id=\"Bereich1\" dir=\"LTR\">\n<h6>\u201e<strong>Gott gab uns Atem\u2026<\/strong><b>\u201c<\/b> EG 432 (\u2026und er h\u00f6rt nicht auf!)<\/h6>\n<p>Der Posaunenchor Meerbeck kommt schon seit \u00fcber 105 Jahren nicht au\u00dfer Atem und ist trotz des hohen Alters kein bisschen verstaubt.<\/p>\n<\/div>\n<p>\u201e<strong>Soli deo Gloria &#8211; Einzig Gott zur Ehre<\/strong><b>\u201c Das ist unser Auftrag.<\/b><\/p>\n<p><span style=\"font-family: Arial,sans-serif;\"><span style=\"color: #ff0000;\"><span style=\"font-size: xx-large;\">Musik <\/span><\/span><span style=\"color: #1c1c1c;\"><span style=\"font-size: large;\">Vaterunser <\/span><\/span><span style=\"color: #990000;\"><span style=\"font-size: xx-large;\">Freude schenken<\/span><\/span><\/span><\/p>\n<p><span style=\"color: #993366;\"><span style=\"font-family: Arial,sans-serif;\"><span style=\"font-size: xx-large;\"><span style=\"font-size: large;\">Noten<\/span><span style=\"color: #663333;\"><sup><span style=\"font-family: Franklin Gothic Medium,sans-serif;\"><span style=\"font-size: 300%;\">Spa\u00df<\/span><\/span><\/sup><\/span><span style=\"color: #007826;\"><span style=\"font-size: xx-large;\">Advent<\/span><\/span><span style=\"color: #9966cc;\"><sub><span style=\"font-size: xx-large;\"><i>Talent <\/i><\/span><\/sub><\/span><span style=\"color: #ff3300;\"><sup><span style=\"font-family: Segoe Script,sans-serif;\"><span style=\"font-size: 300%;\">Ehrenamt<\/span><\/span><\/sup><\/span><span style=\"color: #990000;\"><span style=\"font-family: Impact,sans-serif;\"><span style=\"font-size: medium;\">helfen<\/span><\/span><\/span><\/span><\/span><\/span><\/p>\n<p><span style=\"color: #ff0000;\"><span style=\"font-family: Arial,sans-serif;\"><span style=\"font-size: xx-large;\"><span style=\"color: #1c1c1c;\"><span style=\"font-size: medium;\">Auftakt<\/span><\/span> <sup><span style=\"font-size: 300%;\"><b>Gemeinschaft<\/b><\/span><\/sup><span style=\"color: #000066;\"><span style=\"font-family: Arial Black,sans-serif;\"><span style=\"font-size: large;\">Atem<\/span><\/span><\/span><span style=\"color: #0084d1;\"><sup><span style=\"font-size: xx-large;\">lernen<\/span><\/sup><\/span><span style=\"color: #333300;\"><i><b>KONZERT <\/b><\/i><\/span><\/span><span style=\"color: #cc9900;\"><span style=\"font-family: Impact,sans-serif;\"><span style=\"font-size: large;\"><i><b>Gebet<\/b><\/i><\/span><\/span><\/span><\/span><\/span><\/span><\/p>\n<p><span style=\"font-family: Arial,sans-serif;\"><span style=\"font-size: xx-large;\"><span style=\"color: #996633;\"><span style=\"font-size: large;\">danken <\/span><\/span><span style=\"color: #00cc00;\"><span style=\"font-family: Segoe Script,sans-serif;\"><span style=\"font-size: large;\">Freizeit<\/span><\/span><\/span> <span style=\"color: #ffcc00;\"><b>Soli Deo Gloria <\/b><\/span><span style=\"color: #330099;\"><span style=\"font-family: Segoe Script,sans-serif;\"><span style=\"font-size: large;\"><b>unterst\u00fctzen<\/b><\/span><\/span><\/span><\/span><\/span><\/p>\n<p><span style=\"font-family: Arial,sans-serif;\"><span style=\"font-size: large;\">auftanken<span style=\"color: #999966;\"><span style=\"font-family: MV Boli;\"><span style=\"font-size: 300%;\">C<\/span><\/span><\/span><span style=\"color: #999966;\"><span style=\"font-family: MV Boli;\"><span style=\"font-size: xx-large;\">hristus<\/span><\/span><\/span><span style=\"color: #4b1f6f;\"><sup><span style=\"font-family: Aharoni;\"><span style=\"font-size: 300%;\">Jungbl\u00e4ser<\/span><\/span><\/sup><\/span><span style=\"color: #cc0066;\"><span style=\"font-family: MV Boli;\"><span style=\"font-size: x-large;\">Glaube<\/span><\/span><\/span><span style=\"color: #993366;\"><sup><span style=\"font-family: Andalus,serif;\"><span style=\"font-size: xx-large;\">Essen gehen<\/span><\/span><\/sup><\/span><\/span><\/span><\/p>\n","protected":false},"excerpt":{"rendered":"<p>\u201eGott gab uns Atem\u2026\u201c EG 432 (\u2026und er h\u00f6rt nicht auf!) Der Posaunenchor Meerbeck kommt schon seit \u00fcber 105 Jahren nicht au\u00dfer Atem und ist trotz des hohen Alters kein bisschen verstaubt. \u201eSoli deo Gloria &#8211; Einzig Gott zur Ehre\u201c <a class=\"more-link\" href=\"https:\/\/www.posaunenchor-meerbeck.de\/index.php\/musikalisches\/\"><span class=\"screen-reader-text\">  Musikalisches<\/span> weiterlesen<span class=\"meta-nav\">&rarr;<\/span><\/a><\/p>\n","protected":false},"author":1,"featured_media":35,"parent":0,"menu_order":0,"comment_status":"closed","ping_status":"closed","template":"page-disable-sidebar.php","meta":{"ngg_post_thumbnail":0,"iawp_total_views":34,"footnotes":""},"class_list":["post-306","page","type-page","status-publish","has-post-thumbnail","hentry"],"_links":{"self":[{"href":"https:\/\/www.posaunenchor-meerbeck.de\/index.php\/wp-json\/wp\/v2\/pages\/306","targetHints":{"allow":["GET"]}}],"collection":[{"href":"https:\/\/www.posaunenchor-meerbeck.de\/index.php\/wp-json\/wp\/v2\/pages"}],"about":[{"href":"https:\/\/www.posaunenchor-meerbeck.de\/index.php\/wp-json\/wp\/v2\/types\/page"}],"author":[{"embeddable":true,"href":"https:\/\/www.posaunenchor-meerbeck.de\/index.php\/wp-json\/wp\/v2\/users\/1"}],"replies":[{"embeddable":true,"href":"https:\/\/www.posaunenchor-meerbeck.de\/index.php\/wp-json\/wp\/v2\/comments?post=306"}],"version-history":[{"count":0,"href":"https:\/\/www.posaunenchor-meerbeck.de\/index.php\/wp-json\/wp\/v2\/pages\/306\/revisions"}],"wp:featuredmedia":[{"embeddable":true,"href":"https:\/\/www.posaunenchor-meerbeck.de\/index.php\/wp-json\/wp\/v2\/media\/35"}],"wp:attachment":[{"href":"https:\/\/www.posaunenchor-meerbeck.de\/index.php\/wp-json\/wp\/v2\/media?parent=306"}],"curies":[{"name":"wp","href":"https:\/\/api.w.org\/{rel}","templated":true}]}}

<div id="Bereich1" dir="LTR">
<h6>„<strong>Gott gab uns Atem…</strong><b>“</b> EG 432 (…und er hört nicht auf!)</h6>
<p>Der Posaunenchor Meerbeck kommt schon seit über 105 Jahren nicht außer Atem und ist trotz des hohen Alters kein bisschen verstaubt.</p>
</div>
<p>„<strong>Soli deo Gloria &#8211; Einzig Gott zur Ehre</strong><b>“ Das ist unser Auftrag.</b></p>
<p><span style="font-family: Arial,sans-serif;"><span style="color: #ff0000;"><span style="font-size: xx-large;">Musik </span></span><span style="color: #1c1c1c;"><span style="font-size: large;">Vaterunser </span></span><span style="color: #990000;"><span style="font-size: xx-large;">Freude schenken</span></span></span></p>
<p><span style="color: #993366;"><span style="font-family: Arial,sans-serif;"><span style="font-size: xx-large;"><span style="font-size: large;">Noten</span><span style="color: #663333;"><sup><span style="font-family: Franklin Gothic Medium,sans-serif;"><span style="font-size: 300%;">Spaß</span></span></sup></span><span style="color: #007826;"><span style="font-size: xx-large;">Advent</span></span><span style="color: #9966cc;"><sub><span style="font-size: xx-large;"><i>Talent </i></span></sub></span><span style="color: #ff3300;"><sup><span style="font-family: Segoe Script,sans-serif;"><span style="font-size: 300%;">Ehrenamt</span></span></sup></span><span style="color: #990000;"><span style="font-family: Impact,sans-serif;"><span style="font-size: medium;">helfen</span></span></span></span></span></span></p>
<p><span style="color: #ff0000;"><span style="font-family: Arial,sans-serif;"><span style="font-size: xx-large;"><span style="color: #1c1c1c;"><span style="font-size: medium;">Auftakt</span></span> <sup><span style="font-size: 300%;"><b>Gemeinschaft</b></span></sup><span style="color: #000066;"><span style="font-family: Arial Black,sans-serif;"><span style="font-size: large;">Atem</span></span></span><span style="color: #0084d1;"><sup><span style="font-size: xx-large;">lernen</span></sup></span><span style="color: #333300;"><i><b>KONZERT </b></i></span></span><span style="color: #cc9900;"><span style="font-family: Impact,sans-serif;"><span style="font-size: large;"><i><b>Gebet</b></i></span></span></span></span></span></span></p>
<p><span style="font-family: Arial,sans-serif;"><span style="font-size: xx-large;"><span style="color: #996633;"><span style="font-size: large;">danken </span></span><span style="color: #00cc00;"><span style="font-family: Segoe Script,sans-serif;"><span style="font-size: large;">Freizeit</span></span></span> <span style="color: #ffcc00;"><b>Soli Deo Gloria </b></span><span style="color: #330099;"><span style="font-family: Segoe Script,sans-serif;"><span style="font-size: large;"><b>unterstützen</b></span></span></span></span></span></p>
<p><span style="font-family: Arial,sans-serif;"><span style="font-size: large;">auftanken<span style="color: #999966;"><span style="font-family: MV Boli;"><span style="font-size: 300%;">C</span></span></span><span style="color: #999966;"><span style="font-family: MV Boli;"><span style="font-size: xx-large;">hristus</span></span></span><span style="color: #4b1f6f;"><sup><span style="font-family: Aharoni;"><span style="font-size: 300%;">Jungbläser</span></span></sup></span><span style="color: #cc0066;"><span style="font-family: MV Boli;"><span style="font-size: x-large;">Glaube</span></span></span><span style="color: #993366;"><sup><span style="font-family: Andalus,serif;"><span style="font-size: xx-large;">Essen gehen</span></span></sup></span></span></span></p>

<p>„Gott gab uns Atem…“ EG 432 (…und er hört nicht auf!) Der Posaunenchor Meerbeck kommt schon seit über 105 Jahren nicht außer Atem und ist trotz des hohen Alters kein bisschen verstaubt. „Soli deo Gloria &#8211; Einzig Gott zur Ehre“ <a class="more-link" href="https://www.posaunenchor-meerbeck.de/index.php/musikalisches/"><span class="screen-reader-text">  Musikalisches</span> weiterlesen<span class="meta-nav">&rarr;</span></a></p>
