{"id":888,"date":"2016-04-01T19:39:12","date_gmt":"2016-04-01T17:39:12","guid":{"rendered":"http:\/\/www.posaunenchor-meerbeck.de\/?page_id=888"},"modified":"2016-04-01T19:39:12","modified_gmt":"2016-04-01T17:39:12","slug":"abschied-von-rolf-ostermeier","status":"publish","type":"page","link":"https:\/\/www.posaunenchor-meerbeck.de\/index.php\/abschied-von-rolf-ostermeier\/","title":{"rendered":"Abschied von Rolf Ostermeier"},"content":{"rendered":"<table border=\"0\" width=\"100%\" cellspacing=\"0\" cellpadding=\"4\">\n<colgroup>\n<col width=\"47*\" \/>\n<col width=\"123*\" \/>\n<col width=\"85*\" \/> <\/colgroup>\n<tbody>\n<tr valign=\"TOP\">\n<td width=\"18%\" height=\"224\">\u00a0<img loading=\"lazy\" decoding=\"async\" class=\"alignleft wp-image-895\" src=\"http:\/\/www.posaunenchor-meerbeck.de\/wp-content\/uploads\/2016\/04\/posaunensymbol-47x150.png\" alt=\"posaunensymbol\" width=\"94\" height=\"244\" \/><\/td>\n<td width=\"48%\">&nbsp;<\/p>\n<p>&nbsp;<\/p>\n<p><span lang=\"de-DE\"><i>Lobet den Herrn mit Posaunen;<br \/>\nlobet ihn mit Psalter und Harfe<br \/>\n(Ps 150,3)<\/i><\/span><\/td>\n<td width=\"33%\">\u00a0<img loading=\"lazy\" decoding=\"async\" class=\"alignleft wp-image-893\" src=\"http:\/\/www.posaunenchor-meerbeck.de\/wp-content\/uploads\/2016\/04\/Rolf-Ostermeier-124x150.png\" alt=\"Rolf Ostermeier\" width=\"182\" height=\"216\" \/><\/td>\n<\/tr>\n<tr>\n<td colspan=\"3\" valign=\"TOP\" width=\"100%\" height=\"68\"><span lang=\"de-DE\">Tief getroffen hat uns die Nachricht von Rolfs pl\u00f6tzlichem Tod am 17. M\u00e4rz 2016. Nur wenige Tage vorher durften wir noch unter seiner Leitung den Gottesdienst zur Jubelkonfirmation musikalisch mitgestalten.<\/span><\/p>\n<p>Umso mehr ersch\u00fcttert uns die traurige Tatsache, dass dieses das letzte Musizieren mit ihm gewesen sein sollte.<\/p>\n<p>Statt einer gemeinsamen Probe haben wir dann am darauffolgenden Donnerstag zusammen mit Cord Wilkening dem Verstorbenen gedacht. Viele Erinnerungen wurden bei jedem wachgerufen.<\/p>\n<p>Als langj\u00e4hriger Mitbl\u00e4ser mit seinem Bariton im Tenor und <span lang=\"de-DE\">stellvertretender Chorleiter verstand Rolf uns immer zu motivieren.<\/span><\/p>\n<p>Neben dem musikalischen Engagement war es ihm ein gro\u00dfes Anliegen, mit hohem zeitlichen Aufwand das Chorleben zu gestalten und unerm\u00fcdlichen zu pflegen. Viele Jahre hat Rolf als Chorvorstand die Geschicke umsichtig geleitet.<\/p>\n<p>Besonders die Geburtstagsst\u00e4ndchen bei den Senioren der Gemeinde wurden von Rolf organisiert und geleitet.<\/p>\n<p>Auf die bevorstehende Chorreise nach S\u00fcdafrika hat er sich gefreut und diese bereits tatkr\u00e4ftig mit vorbereitet.<\/p>\n<p>Wir k\u00f6nnten noch Vieles aufz\u00e4hlen, wobei Rolf seine Spuren hinterlassen hat.<\/p>\n<p>Der Verlust rei\u00dft sowohl menschlich als auch musikalisch eine gro\u00dfe L\u00fccke in unsere Gemeinschaft.<\/p>\n<p><span lang=\"de-DE\">Wir sind sehr traurig und in Gedanken bei seiner Familie.<\/span><\/p>\n<p align=\"CENTER\"><span lang=\"de-DE\">Die Bl\u00e4serinnen und Bl\u00e4ser des Posaunenchors Meerbeck mit ihren Angeh\u00f6rigen.<\/span><\/p>\n<\/td>\n<\/tr>\n<\/tbody>\n<\/table>\n","protected":false},"excerpt":{"rendered":"<p>\u00a0 &nbsp; &nbsp; Lobet den Herrn mit Posaunen; lobet ihn mit Psalter und Harfe (Ps 150,3) \u00a0 Tief getroffen hat uns die Nachricht von Rolfs pl\u00f6tzlichem Tod am 17. M\u00e4rz 2016. Nur wenige Tage vorher durften wir noch unter seiner <a class=\"more-link\" href=\"https:\/\/www.posaunenchor-meerbeck.de\/index.php\/abschied-von-rolf-ostermeier\/\"><span class=\"screen-reader-text\">  Abschied von Rolf Ostermeier<\/span> weiterlesen<span class=\"meta-nav\">&rarr;<\/span><\/a><\/p>\n","protected":false},"author":1,"featured_media":0,"parent":0,"menu_order":0,"comment_status":"closed","ping_status":"closed","template":"","meta":{"ngg_post_thumbnail":0,"iawp_total_views":17,"footnotes":""},"class_list":["post-888","page","type-page","status-publish","hentry"],"_links":{"self":[{"href":"https:\/\/www.posaunenchor-meerbeck.de\/index.php\/wp-json\/wp\/v2\/pages\/888","targetHints":{"allow":["GET"]}}],"collection":[{"href":"https:\/\/www.posaunenchor-meerbeck.de\/index.php\/wp-json\/wp\/v2\/pages"}],"about":[{"href":"https:\/\/www.posaunenchor-meerbeck.de\/index.php\/wp-json\/wp\/v2\/types\/page"}],"author":[{"embeddable":true,"href":"https:\/\/www.posaunenchor-meerbeck.de\/index.php\/wp-json\/wp\/v2\/users\/1"}],"replies":[{"embeddable":true,"href":"https:\/\/www.posaunenchor-meerbeck.de\/index.php\/wp-json\/wp\/v2\/comments?post=888"}],"version-history":[{"count":9,"href":"https:\/\/www.posaunenchor-meerbeck.de\/index.php\/wp-json\/wp\/v2\/pages\/888\/revisions"}],"predecessor-version":[{"id":901,"href":"https:\/\/www.posaunenchor-meerbeck.de\/index.php\/wp-json\/wp\/v2\/pages\/888\/revisions\/901"}],"wp:attachment":[{"href":"https:\/\/www.posaunenchor-meerbeck.de\/index.php\/wp-json\/wp\/v2\/media?parent=888"}],"curies":[{"name":"wp","href":"https:\/\/api.w.org\/{rel}","templated":true}]}}

<table border="0" width="100%" cellspacing="0" cellpadding="4">
<colgroup>
<col width="47*" />
<col width="123*" />
<col width="85*" /> </colgroup>
<tbody>
<tr valign="TOP">
<td width="18%" height="224"> <img loading="lazy" decoding="async" class="alignleft wp-image-895" src="http://www.posaunenchor-meerbeck.de/wp-content/uploads/2016/04/posaunensymbol-47x150.png" alt="posaunensymbol" width="94" height="244" /></td>
<td width="48%">&nbsp;</p>
<p>&nbsp;</p>
<p><span lang="de-DE"><i>Lobet den Herrn mit Posaunen;<br />
lobet ihn mit Psalter und Harfe<br />
(Ps 150,3)</i></span></td>
<td width="33%"> <img loading="lazy" decoding="async" class="alignleft wp-image-893" src="http://www.posaunenchor-meerbeck.de/wp-content/uploads/2016/04/Rolf-Ostermeier-124x150.png" alt="Rolf Ostermeier" width="182" height="216" /></td>
</tr>
<tr>
<td colspan="3" valign="TOP" width="100%" height="68"><span lang="de-DE">Tief getroffen hat uns die Nachricht von Rolfs plötzlichem Tod am 17. März 2016. Nur wenige Tage vorher durften wir noch unter seiner Leitung den Gottesdienst zur Jubelkonfirmation musikalisch mitgestalten.</span></p>
<p>Umso mehr erschüttert uns die traurige Tatsache, dass dieses das letzte Musizieren mit ihm gewesen sein sollte.</p>
<p>Statt einer gemeinsamen Probe haben wir dann am darauffolgenden Donnerstag zusammen mit Cord Wilkening dem Verstorbenen gedacht. Viele Erinnerungen wurden bei jedem wachgerufen.</p>
<p>Als langjähriger Mitbläser mit seinem Bariton im Tenor und <span lang="de-DE">stellvertretender Chorleiter verstand Rolf uns immer zu motivieren.</span></p>
<p>Neben dem musikalischen Engagement war es ihm ein großes Anliegen, mit hohem zeitlichen Aufwand das Chorleben zu gestalten und unermüdlichen zu pflegen. Viele Jahre hat Rolf als Chorvorstand die Geschicke umsichtig geleitet.</p>
<p>Besonders die Geburtstagsständchen bei den Senioren der Gemeinde wurden von Rolf organisiert und geleitet.</p>
<p>Auf die bevorstehende Chorreise nach Südafrika hat er sich gefreut und diese bereits tatkräftig mit vorbereitet.</p>
<p>Wir könnten noch Vieles aufzählen, wobei Rolf seine Spuren hinterlassen hat.</p>
<p>Der Verlust reißt sowohl menschlich als auch musikalisch eine große Lücke in unsere Gemeinschaft.</p>
<p><span lang="de-DE">Wir sind sehr traurig und in Gedanken bei seiner Familie.</span></p>
<p align="CENTER"><span lang="de-DE">Die Bläserinnen und Bläser des Posaunenchors Meerbeck mit ihren Angehörigen.</span></p>
</td>
</tr>
</tbody>
</table>

<p>  &nbsp; &nbsp; Lobet den Herrn mit Posaunen; lobet ihn mit Psalter und Harfe (Ps 150,3)   Tief getroffen hat uns die Nachricht von Rolfs plötzlichem Tod am 17. März 2016. Nur wenige Tage vorher durften wir noch unter seiner <a class="more-link" href="https://www.posaunenchor-meerbeck.de/index.php/abschied-von-rolf-ostermeier/"><span class="screen-reader-text">  Abschied von Rolf Ostermeier</span> weiterlesen<span class="meta-nav">&rarr;</span></a></p>
